{"id":9,"date":"2008-07-03T09:35:00","date_gmt":"2008-07-03T07:35:00","guid":{"rendered":"http:\/\/www.praxis-rasting.de\/wordpress\/?page_id=9"},"modified":"2023-02-15T13:57:58","modified_gmt":"2023-02-15T11:57:58","slug":"psychoanalyse","status":"publish","type":"page","link":"http:\/\/www.praxis-rasting.de\/wordpress\/psychoanalyse","title":{"rendered":"Psychoanalyse"},"content":{"rendered":"<p><strong>Allgemeines zur Psychoanalyse<\/strong><\/p>\n<p>Eine Psychoanalyse zu beginnen ist im Allgemeinen mit gro\u00dfen Hoffnungen, aber auch Bef\u00fcrchtungen verbunden. Diese Homepage kann einige allgemeine Informationen bereitstellen, die schon helfen k\u00f6nnen, sich ein wenig zu orientieren. Andererseits ist meine Erfahrung und auch das Ergebnis zahlreicher Studien, da\u00df der wichtigste Faktor die Beziehung zwischen Patient und Therapeut ist. Daher empfehle ich, die Methode wie auch den Behandler im pers\u00f6nlichen Gespr\u00e4ch kennen zu lernen. Hierzu ist es m\u00f6glich, ein unverbindliches Vorgespr\u00e4ch miteinander zu vereinbaren. F\u00fcr die meisten Patienten ist es auch hilfreich, zun\u00e4chst verschiedene Therapeuten im Gespr\u00e4ch kennen zu lernen, um anhand dieser Erfahrung zu einer Entscheidung zu kommen.<\/p>\n<p>Doch zun\u00e4chst zu den h\u00e4ufigsten Fragen:<\/p>\n<p><strong>Was ist Psychoanalyse?<\/strong><\/p>\n<p>Die Psychoanalyse ist eine Behandlungsmethode psychischer St\u00f6rungen, die davon ausgeht, da\u00df psychische Symptome wie beispielsweise \u00c4ngste oder Depressionen Ausdruck eines inneren Konfliktes sind, den wir zumeist nicht kennen, er ist unbewu\u00dft. Zugleich geht die Psychoanalyse davon aus, da\u00df sich Symptome dann bilden, wenn wir mit unseren anderen Bew\u00e4ltigungsm\u00f6glichkeiten nicht mehr weiterkommen. Die Psychoanalyse wurde von Freud Ende des 19. Jahrhunderts begr\u00fcndet und seither durch Fachgesellschaften\u00a0 kontinuierlich weiterentwickelt, so da\u00df immer neue Verst\u00e4ndnis- und Behandlungsm\u00f6glichkeiten entstanden und mittlerweile auf das ganze Spektrum psychischer St\u00f6rungen, angefangen bei \u00c4ngsten, Depressionen, Zw\u00e4ngen \u00fcber schwerwiegende Arbeits- oder Beziehungsst\u00f6rungen, k\u00f6rperlichen St\u00f6rungen mit Bezug zum psychischen Geschehen bis hin zu St\u00f6rungen in der Pers\u00f6nlichkeit angewendet werden k\u00f6nnen.<\/p>\n<p><strong>Ist die Psychoanalyse nur auf die Kindheit bezogen?<\/strong><\/p>\n<p>Ein Vorurteil gegen\u00fcber der Psychoanalyse ist, da\u00df man lediglich Erfahrungen mit den fr\u00fchen Bezugspersonen, also meist den Eltern, untersucht. Tats\u00e4chlich werden wir durch diese fr\u00fchen Erfahrungen sehr gepr\u00e4gt, so da\u00df die Kenntnis dieser Beziehung wichtig ist, um unser Erleben und Verhalten heute zu verstehen. Aber die moderne Psychoanalyse setzt die Beziehung zwischen Patient und Psychoanalytiker in den Vordergrund, denn schon Freud erkannte, da\u00df das reine Verstehen nicht ausreicht, um eine Ver\u00e4nderung herbeizuf\u00fchren. Aus diesem Grund werden in der Psychoanalyse die emotionalen Erfahrungen mit den Eltern, in gegenw\u00e4rtigen Beziehung wie Partnern, Freunden oder Arbeitskollegen, aber gerade auch gegen\u00fcber dem Therapeuten untersucht. Im Folgenden wird erkl\u00e4rt, warum dieses ungew\u00f6hnliche Vorgehen von zentraler Wichtigkeit ist.<\/p>\n<p><strong>Wie findet die Behandlung statt?<\/strong><\/p>\n<p>Um uns auf das Erleben von intensiven Gef\u00fchlen einzulassen, brauchen wir Sicherheit. Diese Sicherheit ergibt sich aus verschiedenen Aspekten: der Person des Behandlers, seiner Ausbildung, den Erfahrungen mit ihm und einem stabilen Behandlungsarrangement.<\/p>\n<p>Ein Gef\u00fchl zur Person des Behandlers stellt sich in der Regel sehr schnell ein, meist wei\u00df man bereits nach kurzer Zeit im Gespr\u00e4ch, ob das Gegen\u00fcber jemand ist, mit dem man seine intimsten und schwierigsten Erfahrungen besprechen m\u00f6chte. Nach diesem Gef\u00fchl sollte man sich richten und im Zweifelsfall noch andere Behandler in sogenannten probatorischen Sitzungen kennenlernen. Wenn es Ihnen m\u00f6glich ist, m\u00f6chte ich empfehlen, \u00c4ngste oder Irritationen direkt im Gespr\u00e4ch mit dem Analytiker anzusprechen, denn dann zeigt sich in dem Gespr\u00e4ch, ob ein gemeinsames Verst\u00e4ndnis auch f\u00fcr diese Probleme entwickelt werden kann.<\/p>\n<p>Die Behandlung findet 3-4 mal die Woche zu festen Terminen statt, die Regelm\u00e4\u00dfigkeit und Zuverl\u00e4ssigkeit ist dabei enorm wichtig, um das notwendige Vertrauen aufzubauen, um sich emotional wirklich einzulassen. Der Patient liegt auf einer Couch und der Analytiker sitzt au\u00dferhalb seines Gesichtsfeldes hinter ihm. Dieses Behandlungsarrangement hat sich bew\u00e4hrt, weil es dem Patienten erm\u00f6glicht, sich ganz auf seine Gef\u00fchle, seine Erinnerungen und Phantasien zu konzentrieren.<\/p>\n<p><strong>Wird die Behandlung von der Krankenkasse \u00fcbernommen?<\/strong><\/p>\n<p>Die Psychoanalyse ist ein Behandlungsverfahren, dessen Kosten von der Krankenkasse \u00fcbernommen wird. N\u00e4heres zu den Modalit\u00e4ten in meiner Praxis finden Sie unter dem Punkt <strong>Kosten.<\/strong><\/p>\n<p>Dr. Marcus Rasting\u00a0\u00a0 Praxis f\u00fcr Psychoanalyse und Psychotherapie<\/p>\n<p>Bismarckstrasse 51 50672 K\u00f6ln\u00a0\/ Belgisches Viertel Neustadt Nord N\u00e4he Innenstadt<\/p>\n<p>Tel. 0221\/ 17044700 \u00a0 \u00a0www.praxis-rasting.de<\/p>\n<p><script type=\"text\/javascript\">\/\/ <![CDATA[\n\n\n  var _gaq = _gaq || [];<br \/>\n  _gaq.push(['_setAccount', 'UA-25863001-1']);<br \/>\n  _gaq.push(['_trackPageview']);<\/p>\n\n\n\n\n<p>  (function() {<br \/>\n    var ga = document.createElement('script'); ga.type = 'text\/javascript'; ga.async = true;<br \/>\n    ga.src = ('https:' == document.location.protocol ? 'https:\/\/ssl' : 'http:\/\/www') + '.google-analytics.com\/ga.js';<br \/>\n    var s = document.getElementsByTagName('script')[0]; s.parentNode.insertBefore(ga, s);<br \/>\n  })();<\/p>\n\n\n\n\n<p>\/\/ ]]><\/script><\/p>\n","protected":false},"excerpt":{"rendered":"<p>Allgemeines zur Psychoanalyse Eine Psychoanalyse zu beginnen ist im Allgemeinen mit gro\u00dfen Hoffnungen, aber auch Bef\u00fcrchtungen verbunden. Diese Homepage kann einige allgemeine Informationen bereitstellen, die schon helfen k\u00f6nnen, sich ein wenig zu orientieren. Andererseits ist meine Erfahrung und auch das Ergebnis zahlreicher Studien, da\u00df der wichtigste Faktor die Beziehung zwischen Patient und Therapeut ist. Daher &hellip; <\/p>\n<p class=\"link-more\"><a href=\"http:\/\/www.praxis-rasting.de\/wordpress\/psychoanalyse\" class=\"more-link\"><span class=\"screen-reader-text\">\u201ePsychoanalyse\u201c<\/span> weiterlesen<\/a><\/p>\n","protected":false},"author":1,"featured_media":0,"parent":0,"menu_order":2,"comment_status":"closed","ping_status":"closed","template":"","meta":{"footnotes":""},"class_list":["post-9","page","type-page","status-publish","hentry"],"aioseo_notices":[],"_links":{"self":[{"href":"http:\/\/www.praxis-rasting.de\/wordpress\/wp-json\/wp\/v2\/pages\/9","targetHints":{"allow":["GET"]}}],"collection":[{"href":"http:\/\/www.praxis-rasting.de\/wordpress\/wp-json\/wp\/v2\/pages"}],"about":[{"href":"http:\/\/www.praxis-rasting.de\/wordpress\/wp-json\/wp\/v2\/types\/page"}],"author":[{"embeddable":true,"href":"http:\/\/www.praxis-rasting.de\/wordpress\/wp-json\/wp\/v2\/users\/1"}],"replies":[{"embeddable":true,"href":"http:\/\/www.praxis-rasting.de\/wordpress\/wp-json\/wp\/v2\/comments?post=9"}],"version-history":[{"count":9,"href":"http:\/\/www.praxis-rasting.de\/wordpress\/wp-json\/wp\/v2\/pages\/9\/revisions"}],"predecessor-version":[{"id":279,"href":"http:\/\/www.praxis-rasting.de\/wordpress\/wp-json\/wp\/v2\/pages\/9\/revisions\/279"}],"wp:attachment":[{"href":"http:\/\/www.praxis-rasting.de\/wordpress\/wp-json\/wp\/v2\/media?parent=9"}],"curies":[{"name":"wp","href":"https:\/\/api.w.org\/{rel}","templated":true}]}}