{"id":221,"date":"2017-06-13T12:35:25","date_gmt":"2017-06-13T10:35:25","guid":{"rendered":"http:\/\/www.praxis-rasting.de\/wordpress\/?page_id=221"},"modified":"2025-08-11T08:22:48","modified_gmt":"2025-08-11T06:22:48","slug":"therapieberichte","status":"publish","type":"page","link":"http:\/\/www.praxis-rasting.de\/wordpress\/therapieberichte","title":{"rendered":"Therapieberichte"},"content":{"rendered":"<p>Auf dieser Seite ver\u00f6ffentliche ich anonymisiert Berichte von Patienten, die eine Therapie bei mir gemacht haben. Dies soll eine M\u00f6glichkeit bieten, anderen Patienten eine Orientierung und eine Hilfestellung zu geben, wenn sie vor der Entscheidung stehen, ob sie eine Therapie machen sollen und was sie dabei erwarten kann. Die Berichte werden hier ungek\u00fcrzt wiedergegeben und an dieser Stelle danke ich allen Patienten, die hier ihre Erfahrungen anderen Patienten zur Verf\u00fcgung stellen.<\/p>\n<p><strong>Bericht No. 1<\/strong><\/p>\n<p><em>Therapie Burn out (mittelschwere Depression)<\/em><\/p>\n<p><em>Viele fragen sich, \u201ewas genau bedeutet es, eine Therapie bei einem Psychologen zu machen?\u201c Ich wusste nicht viel dar\u00fcber, als ich begann, an mir zu arbeiten. Denn genau dies bedeutet es, <strong>an sich arbeiten<\/strong>. Eine Therapie kann nur so gut sein, wie ich bereit bin, mit zu arbeiten. Auch ich stellte mir Fragen. Werde ich \u201everr\u00fcckt\u201c? Was passiert jetzt mit mir? Komme ich aus dem Schlamassel je wieder raus? Was soll aus mir und meiner Familie werden? Kann ich wieder arbeiten gehen? Rutsche ich ins Abseits? Was denkt mein Umfeld von mir? Bin ich ein Versager\u2026\u2026\u2026..?<\/em><\/p>\n<p><em>Die \u00c4ngste machen einen ganz irre und die Schw\u00e4che und Hilflosigkeit saugen einem die Kraft aus. Manchmal kommt ein Zusammenbruch \u00fcber Nacht, doch er hat immer tieferliegende Gr\u00fcnde. Ich erkannte, ich brauchte einen Profi, der mir hier einen Weg zeigt. Ich wusste nicht mehr weiter. Dieser Profi ist ein Psychotherapeut. Er ist verpflichtet wie jeder Arzt, \u00fcber das Geh\u00f6rte Stillschweigen zu bewahren. Vertrauen ist die Basis f\u00fcr jede Therapie. Manchmal ist es nicht leicht, den \u201erichtigen Therapeuten\u201c zu finden. Nicht immer passt die Chemie. Man sollte sich verstanden f\u00fchlen und eine Ahnung haben, dass man miteinander kann. Auch Mut zur Offenheit geh\u00f6rt dazu. Die ersten Stunden dienen dazu dies heraus zu finden. Beide m\u00fcssen das Gef\u00fchl haben, dass es funktionieren kann. Ein guter Therapeut spricht dies offen an.<\/em><\/p>\n<p><em>Zu Anfang erz\u00e4hlte ich einfach, was passiert war. Wie es mir ging und was ich erhoffte. Mein Therapeut erfragte meinen Hintergrund in Punkto Therapien ab und ob ich mir vorstellen k\u00f6nne, was es bedeutet. So fing alles an. Ich sa\u00df in einem bequemen Sessel, er mir gegen\u00fcber mit einem Schreibblock auf dem Scho\u00df, immer wieder Notizen machend von unserem Gespr\u00e4ch. \u00c4ngstlich und unsicher machte ich mich auf den Weg. Mit der Zeit fiel mir das Reden leichter, es w\u00fcrde gehen. Als Hausaufgabe bekam ich auf, eine Art Lebenslauf zu schreiben. Wer waren meine Eltern und Geschwister, wie war mein Verh\u00e4ltnis zu ihnen. Ehe, Kinder und Scheidung z.B. aber auch Sexualit\u00e4t, Beruf und Arbeit geh\u00f6ren dazu. Jede Stunde, die mir immer zu kurz erschien, fuhr ich ersch\u00f6pft nach Hause. Obwohl man nur erz\u00e4hlt, ist man danach sehr m\u00fcde. Die Anstrengung, sich so lange zu konzentrieren, gepaart mit Anspannung und den inneren \u00c4ngsten, laugen einen aus. Es ist ratsam, sich danach auszuruhen. Mit der Zeit wurde es besser und ich freute mich auf die Gespr\u00e4che. Nachdem wir ausf\u00fchrlich \u00fcber den Anlass des Zusammenbruchs gesprochen hatten, fingen wir mit meinem \u201eLebenslauf\u201c als Leitfaden an, auf Spurensuche zu gehen. Jederzeit konnte ich auch aktuelle Probleme ansprechen, dann w\u00fcrde eben sp\u00e4ter an der Vergangenheit weiter gearbeitet. In dieser Zeit durchlebte ich in meinen Tr\u00e4umen in der Nacht meine \u00c4ngste und was mich bewegt. Mit Phantasie und oft f\u00fcr mich wirren, unverst\u00e4ndlichen Ereignissen durchlebte ich meine Tr\u00e4ume und kam so meinem inneren Antrieb nahe. Viele meiner versteckten \u00c4ngste und Sorgen wurden mir so bewusst und ich lernte vor allem viel \u00fcber mich selber. Als n\u00e4chstes sollte ich diese Tr\u00e4ume gleich nach dem Aufwachen aufschreiben. Ein guter Rat, wenn man zu lange wartet, sind sie wieder weg. Es ist eine T\u00fcr zum Unterbewusstsein, welches sich auf den Weg gemacht hat, bewusst zu werden. Dies alles bedeutet arbeiten, sich mit sich selbst und seiner Vergangenheit auseinander zu setzten. In dieser Zeit k\u00e4mpfte ich mich jeden Tag durch den Alltag. Ich war sehr schnell ersch\u00f6pft und konnte mich nur schwer konzentrieren. Die Zeit war f\u00fcr mich aus dem Ruder gelaufen, sie f\u00fchlte sich langsamer an. Alles war verzerrt und irgendwie breiig in meiner Wahrnehmung und die Angst und Kraftlosigkeit mein st\u00e4ndiger Begleiter.<\/em><\/p>\n<p><em>Diese Phase hat in Etappen fast 2 Jahre gedauert, bis ich merkte, dass sich etwas grundlegend \u00e4ndert. Ich konnte nun Vergangenes wie ein Bild betrachten. Erst mal gar nicht bewusst, merkte ich, wie vergangene Verletzungen nicht mehr weh taten, ich ruhiger wurde, meine Kraft mehr wurde, ich verstand. Geduld geh\u00f6rt dazu, denn es dauert oft sehr lange bis man merkt, dass sich etwas ver\u00e4ndert. Viele brechen die Therapie zu fr\u00fch ab, weil sie denken, es passiert nicht viel oder sie haben nun schon lange genug \u201efaul\u201c rum gemacht. Es war alles gar nicht so schlimm. Vorsicht, es kommt schnell wieder zur\u00fcck, wenn man nicht aufpasst. Ich kann nur jedem empfehlen, der in einer Lebenskriese steckt. Macht euch auf den Weg, es lohnt sich. Die Kraft, die mir fehlte, ist fast wieder da, ich bin wieder da. Auch heute noch passe ich auf mich auf, sorge f\u00fcr Ruhe, wenn ich sie brauche. Denn die Anf\u00e4lligkeit bleibt, wieder in alte Denkmuster hinein zu rutschen und sich zu \u00fcberfordern. Wenn ich merke, dass ich in eine abw\u00e4rts Bewegung gehe, mache ich mich auf den Weg. Gehe raus aus dem Haus an die frische Luft, mache meinen Kopf frei. Es muss nicht immer Sport sein, Hauptsache man bewegt sich drau\u00dfen. Dazu noch eine Aufgabe die einem Sinn und Ruhe gibt. Bei mir ist es z.B. die Arbeit mit Tieren geworden. Meine Medikamente, die ich von Anfang an nehme, werde ich auch noch eine ganze Weile weiter nehmen, vielleicht sogar f\u00fcr immer. Es macht nichts, sie helfen mir. Ich sehe das so, f\u00fcr meinen Blutdruck nehme ich auch regelm\u00e4\u00dfig Tabletten, die helfen und es ist ok, wieso nicht auch f\u00fcr die Psyche? Hat sie nicht auch ein Recht darauf gesund zu bleiben? Habt den Mut euer Leben in die Hand zu nehmen, jeder ist Wert, dass es ihm gut geht. In diesem Sinne Passt auf Euch auf!<\/em><\/p>\n<p><strong>Bericht No. 2<\/strong><\/p>\n<p>Mein Weg zur Therapie \u2013 eine pers\u00f6nliche Empfehlung<\/p>\n<p>An diejenigen, die noch z\u00f6gern:<\/p>\n<p>Familie und Freunde haben lange geraten, mir professionelle Unterst\u00fctzung zu suchen, aber ich habe l\u00e4nger gez\u00f6gert, den ersten Schritt zu wagen. Die Frage, ob ich nicht selbst stark genug und meine Anliegen nicht schwer genug seien \u2013 lie\u00dfen mich abwarten. R\u00fcckblickend bin ich sehr dankbar, den Weg zur Praxis von Doktor Marcus Rasting gefunden zu haben und habe dort echte Hilfe in einer herausfordernden Lebensphase erfahren.<\/p>\n<p><strong>Der Therapeut<\/strong><\/p>\n<p>Als besonders habe ich die F\u00e4higkeit des Therapeuten wahrgenommen, genau und einf\u00fchlsam zuzuh\u00f6ren, sich zu erinnern und Verbindungen zu ziehen und neue Sichtweisen zu erarbeiten. Dies betraf sowohl privat \u2013 famili\u00e4re als auch berufliche Konflikte. Ich erlebte einen Therapeuten mit echtem Interesse an meinen Anliegen, der mir wichtige Impulse geben konnte.<\/p>\n<p><strong>Der therapeutische Prozess<\/strong><\/p>\n<ul>\n<li><strong>Gedanken entwirren:<\/strong> mit gezielten Fragen half er mir, innere Knoten zu l\u00f6sen und diffuse Gef\u00fchle in klare Worte zu fassen. Ich verstand mich pl\u00f6tzlich selbst besser.<\/li>\n<li><strong>Sp\u00fcrbare Entlastung:<\/strong> die Sitzungen wirken nachhaltig befreiend; belastende Themen erhielten einen Raum, qu\u00e4lten mich nicht mehr und oft ging ich nach der Stunde befreit, gest\u00e4rkt und mit mehr Energie in meinen Alltag zur\u00fcck.<\/li>\n<li><strong>Professionelle Unterst\u00fctzung und Verl\u00e4sslichkeit:<\/strong> seine Fachlichkeit zeigte sich in jedem Moment \u2013 sehr kompetent, klare Ausrichtung, passende Methodik und verl\u00e4ssliche Unterst\u00fctzung. Meine Bef\u00fcrchtung, eine Therapie sei zu zeitintensiv, hat sich nicht bewahrheitet. Gem\u00e4\u00df dem Grundsatz &#8222;so viel wie n\u00f6tig&#8220; hatten die Therapiesitzungen genau die richtige H\u00e4ufigkeitsfrequenz und lie\u00dfen sich gut in meinen Alltag integrieren.<\/li>\n<li><strong>Eigene L\u00f6sungen finden:<\/strong> anstatt Antworten vorzusetzen, begleitete er mich dabei, meine eigenen zu entdecken. Dieses Erlebnis von Selbstwirksamkeit war zentral f\u00fcr den Therapieerfolg.<\/li>\n<li><strong>Neuausrichtung und Energie:<\/strong> Schritt f\u00fcr Schritt gewann ich Leichtigkeit und das Gef\u00fchl zur\u00fcck meinem inneren Kompass folgen zu k\u00f6nnen. Neue Kr\u00e4fte wurden frei<\/li>\n<\/ul>\n<p><strong>Mein Fazit<\/strong><\/p>\n<p>Ich bin dankbar f\u00fcr diese Begleitung. Sie wurde zum verl\u00e4sslichen Anker in einer herausfordernden Lebensphase. Meine volle Empfehlung f\u00fcr diesen erfahrenen, klugen und au\u00dferordentlich hilfreichen Therapeuten.<\/p>\n","protected":false},"excerpt":{"rendered":"<p>Auf dieser Seite ver\u00f6ffentliche ich anonymisiert Berichte von Patienten, die eine Therapie bei mir gemacht haben. Dies soll eine M\u00f6glichkeit bieten, anderen Patienten eine Orientierung und eine Hilfestellung zu geben, wenn sie vor der Entscheidung stehen, ob sie eine Therapie machen sollen und was sie dabei erwarten kann. Die Berichte werden hier ungek\u00fcrzt wiedergegeben und &hellip; <\/p>\n<p class=\"link-more\"><a href=\"http:\/\/www.praxis-rasting.de\/wordpress\/therapieberichte\" class=\"more-link\"><span class=\"screen-reader-text\">\u201eTherapieberichte\u201c<\/span> weiterlesen<\/a><\/p>\n","protected":false},"author":1,"featured_media":0,"parent":0,"menu_order":8,"comment_status":"closed","ping_status":"closed","template":"","meta":{"footnotes":""},"class_list":["post-221","page","type-page","status-publish","hentry"],"aioseo_notices":[],"_links":{"self":[{"href":"http:\/\/www.praxis-rasting.de\/wordpress\/wp-json\/wp\/v2\/pages\/221","targetHints":{"allow":["GET"]}}],"collection":[{"href":"http:\/\/www.praxis-rasting.de\/wordpress\/wp-json\/wp\/v2\/pages"}],"about":[{"href":"http:\/\/www.praxis-rasting.de\/wordpress\/wp-json\/wp\/v2\/types\/page"}],"author":[{"embeddable":true,"href":"http:\/\/www.praxis-rasting.de\/wordpress\/wp-json\/wp\/v2\/users\/1"}],"replies":[{"embeddable":true,"href":"http:\/\/www.praxis-rasting.de\/wordpress\/wp-json\/wp\/v2\/comments?post=221"}],"version-history":[{"count":3,"href":"http:\/\/www.praxis-rasting.de\/wordpress\/wp-json\/wp\/v2\/pages\/221\/revisions"}],"predecessor-version":[{"id":309,"href":"http:\/\/www.praxis-rasting.de\/wordpress\/wp-json\/wp\/v2\/pages\/221\/revisions\/309"}],"wp:attachment":[{"href":"http:\/\/www.praxis-rasting.de\/wordpress\/wp-json\/wp\/v2\/media?parent=221"}],"curies":[{"name":"wp","href":"https:\/\/api.w.org\/{rel}","templated":true}]}}